{"id":9883,"date":"2021-04-26T10:28:11","date_gmt":"2021-04-26T13:28:11","guid":{"rendered":"https:\/\/ntscalibracao.com.br\/loja\/?post_type=product&#038;p=9883"},"modified":"2024-03-10T03:00:32","modified_gmt":"2024-03-10T06:00:32","slug":"ph-metro-de-bancada-sp2000","status":"publish","type":"product","link":"https:\/\/ntscalibracao.com.br\/loja\/produto\/ph-metro-de-bancada-sp2000\/","title":{"rendered":"pH-metro de Bancada SP2000"},"content":{"rendered":"<p>pH-metro bancada, micro-processado,<\/p>\n<p>FAIXA DE MEDI\u00c7\u00c3O: -2 a +20<\/p>\n<p>DIVIS\u00c3O: 0,1 \/ 0,01 e 0,001 selecion\u00e1veis<\/p>\n<p>PRECIS\u00c3O RELATIVA: 0,02<\/p>\n<p>&nbsp;<\/p>\n<p>Alimenta\u00e7\u00e3o<\/p>\n<p>ENTRADA: 90 a 240 VAC<\/p>\n<p>CONSUMO: 2 watts<\/p>\n<p>DISPLAY: LCD 16 x 2 linhas retro iluminado<\/p>\n<p>DIMENS\u00d5ES: 180 x 200 x 80 ( L x C x A )<\/p>\n<p>PESO: 3,2 Kg<\/p>\n<p>&nbsp;<\/p>\n<p>Outras informa\u00e7\u00f5es:<\/p>\n<p>INTERFACE DE ENTRADA: pH\/ORP \u2013 BNC; Refer\u00eancia \u2013 banana 4mm, Temperatura \u2013 RCA<\/p>\n<p>INTERFACE DE SA\u00cdDA: RS232C (computador ou impressora)<\/p>\n<p>&nbsp;<\/p>\n<p>Acess\u00f3rios inclusos<\/p>\n<ul>\n<li>Manual de instru\u00e7\u00e3o \u2022 Suporte pantogr\u00e1fico<\/li>\n<li>Sensor de pH recarreg\u00e1vel (SC09) \u2022 Adaptador de rede de 90 a 240 VAC autom\u00e1tico<\/li>\n<\/ul>\n","protected":false},"excerpt":{"rendered":"<p>pH-metro bancada, micro-processado,<\/p>\n<p>FAIXA DE MEDI\u00c7\u00c3O: -2 a +20<\/p>\n<p>DIVIS\u00c3O: 0,1 \/ 0,01 e 0,001 selecion\u00e1veis<\/p>\n<p>PRECIS\u00c3O RELATIVA: 0,02<\/p>\n","protected":false},"featured_media":9999,"comment_status":"open","ping_status":"closed","template":"","meta":[],"pwb-brand":[],"product_cat":[74,73,83,72],"product_tag":[],"yoast_head":"<!-- This site is optimized with the Yoast SEO Premium plugin v14.7 - https:\/\/yoast.com\/wordpress\/plugins\/seo\/ -->\n<title>pH-metro de Bancada SP2000 - NTS Calibra\u00e7\u00e3o<\/title>\n<meta name=\"robots\" content=\"index, follow\" \/>\n<meta name=\"googlebot\" content=\"index, follow, max-snippet:-1, max-image-preview:large, max-video-preview:-1\" \/>\n<meta name=\"bingbot\" content=\"index, follow, max-snippet:-1, max-image-preview:large, max-video-preview:-1\" \/>\n<link rel=\"canonical\" href=\"https:\/\/ntscalibracao.com.br\/loja\/produto\/ph-metro-de-bancada-sp2000\/\" \/>\n<meta property=\"og:locale\" content=\"pt_BR\" \/>\n<meta property=\"og:type\" content=\"article\" \/>\n<meta property=\"og:title\" content=\"pH-metro de Bancada SP2000 - NTS Calibra\u00e7\u00e3o\" \/>\n<meta property=\"og:description\" content=\"pH-metro bancada, micro-processado,  FAIXA DE MEDI\u00c7\u00c3O: -2 a +20  DIVIS\u00c3O: 0,1 \/ 0,01 e 0,001 selecion\u00e1veis  PRECIS\u00c3O RELATIVA: 0,02\" \/>\n<meta property=\"og:url\" content=\"https:\/\/ntscalibracao.com.br\/loja\/produto\/ph-metro-de-bancada-sp2000\/\" \/>\n<meta property=\"og:site_name\" content=\"NTS Calibra\u00e7\u00e3o\" \/>\n<meta property=\"article:publisher\" content=\"https:\/\/www.facebook.com\/NTS-Calibra%c3%a7%c3%a3o-de-Balan%c3%a7as-e-Instrumentos-253519321396719\" \/>\n<meta property=\"article:modified_time\" content=\"2024-03-10T06:00:32+00:00\" \/>\n<meta property=\"og:image\" content=\"https:\/\/ntscalibracao.com.br\/loja\/wp-content\/uploads\/2021\/04\/ph-metro-bancada-sp2000.png\" \/>\n\t<meta property=\"og:image:width\" content=\"1000\" \/>\n\t<meta property=\"og:image:height\" content=\"1000\" \/>\n<meta name=\"twitter:card\" content=\"summary_large_image\" \/>\n<script type=\"application\/ld+json\" class=\"yoast-schema-graph\">{\"@context\":\"https:\/\/schema.org\",\"@graph\":[{\"@type\":\"Organization\",\"@id\":\"https:\/\/ntscalibracao.com.br\/loja\/#organization\",\"name\":\"NTS Calibra\\u00e7\\u00e3o de Balan\\u00e7as e Instrumentos\",\"url\":\"https:\/\/ntscalibracao.com.br\/loja\/\",\"sameAs\":[\"https:\/\/www.facebook.com\/NTS-Calibra\\u00e7\\u00e3o-de-Balan\\u00e7as-e-Instrumentos-253519321396719\"],\"logo\":{\"@type\":\"ImageObject\",\"@id\":\"https:\/\/ntscalibracao.com.br\/loja\/#logo\",\"inLanguage\":\"pt-BR\",\"url\":\"https:\/\/ntscalibracao.com.br\/loja\/wp-content\/uploads\/2021\/02\/cropped-logo-nts1.png\",\"width\":203,\"height\":60,\"caption\":\"NTS Calibra\\u00e7\\u00e3o de Balan\\u00e7as e Instrumentos\"},\"image\":{\"@id\":\"https:\/\/ntscalibracao.com.br\/loja\/#logo\"}},{\"@type\":\"WebSite\",\"@id\":\"https:\/\/ntscalibracao.com.br\/loja\/#website\",\"url\":\"https:\/\/ntscalibracao.com.br\/loja\/\",\"name\":\"NTS Calibra\\u00e7\\u00e3o - Loja de Balan\\u00e7as e Instrumentos de Medi\\u00e7\\u00e3o\",\"description\":\"Loja\",\"publisher\":{\"@id\":\"https:\/\/ntscalibracao.com.br\/loja\/#organization\"},\"potentialAction\":[{\"@type\":\"SearchAction\",\"target\":\"https:\/\/ntscalibracao.com.br\/loja\/?s={search_term_string}\",\"query-input\":\"required name=search_term_string\"}],\"inLanguage\":\"pt-BR\"},{\"@type\":\"ImageObject\",\"@id\":\"https:\/\/ntscalibracao.com.br\/loja\/produto\/ph-metro-de-bancada-sp2000\/#primaryimage\",\"inLanguage\":\"pt-BR\",\"url\":\"https:\/\/ntscalibracao.com.br\/loja\/wp-content\/uploads\/2021\/04\/ph-metro-bancada-sp2000.png\",\"width\":1000,\"height\":1000},{\"@type\":\"WebPage\",\"@id\":\"https:\/\/ntscalibracao.com.br\/loja\/produto\/ph-metro-de-bancada-sp2000\/#webpage\",\"url\":\"https:\/\/ntscalibracao.com.br\/loja\/produto\/ph-metro-de-bancada-sp2000\/\",\"name\":\"pH-metro de Bancada SP2000 - NTS Calibra\\u00e7\\u00e3o\",\"isPartOf\":{\"@id\":\"https:\/\/ntscalibracao.com.br\/loja\/#website\"},\"primaryImageOfPage\":{\"@id\":\"https:\/\/ntscalibracao.com.br\/loja\/produto\/ph-metro-de-bancada-sp2000\/#primaryimage\"},\"datePublished\":\"2021-04-26T13:28:11+00:00\",\"dateModified\":\"2024-03-10T06:00:32+00:00\",\"inLanguage\":\"pt-BR\",\"potentialAction\":[{\"@type\":\"ReadAction\",\"target\":[\"https:\/\/ntscalibracao.com.br\/loja\/produto\/ph-metro-de-bancada-sp2000\/\"]}]}]}<\/script>\n<!-- \/ Yoast SEO Premium plugin. -->","brands":[],"_links":{"self":[{"href":"https:\/\/ntscalibracao.com.br\/loja\/wp-json\/wp\/v2\/product\/9883"}],"collection":[{"href":"https:\/\/ntscalibracao.com.br\/loja\/wp-json\/wp\/v2\/product"}],"about":[{"href":"https:\/\/ntscalibracao.com.br\/loja\/wp-json\/wp\/v2\/types\/product"}],"replies":[{"embeddable":true,"href":"https:\/\/ntscalibracao.com.br\/loja\/wp-json\/wp\/v2\/comments?post=9883"}],"wp:featuredmedia":[{"embeddable":true,"href":"https:\/\/ntscalibracao.com.br\/loja\/wp-json\/wp\/v2\/media\/9999"}],"wp:attachment":[{"href":"https:\/\/ntscalibracao.com.br\/loja\/wp-json\/wp\/v2\/media?parent=9883"}],"wp:term":[{"taxonomy":"pwb-brand","embeddable":true,"href":"https:\/\/ntscalibracao.com.br\/loja\/wp-json\/wp\/v2\/pwb-brand?post=9883"},{"taxonomy":"product_cat","embeddable":true,"href":"https:\/\/ntscalibracao.com.br\/loja\/wp-json\/wp\/v2\/product_cat?post=9883"},{"taxonomy":"product_tag","embeddable":true,"href":"https:\/\/ntscalibracao.com.br\/loja\/wp-json\/wp\/v2\/product_tag?post=9883"}],"curies":[{"name":"wp","href":"https:\/\/api.w.org\/{rel}","templated":true}]}}