{"id":9873,"date":"2021-04-26T10:08:14","date_gmt":"2021-04-26T13:08:14","guid":{"rendered":"https:\/\/ntscalibracao.com.br\/loja\/?post_type=product&#038;p=9873"},"modified":"2024-04-27T06:29:45","modified_gmt":"2024-04-27T09:29:45","slug":"luximetro-digital-tlux100-incoterm-t-lux-0010","status":"publish","type":"product","link":"https:\/\/ntscalibracao.com.br\/loja\/produto\/luximetro-digital-tlux100-incoterm-t-lux-0010\/","title":{"rendered":"LUX\u00cdMETRO DIGITAL TLUX100 INCOTERM (T-LUX-0010)"},"content":{"rendered":"<p>Instrumento port\u00e1til com Visor LCD com ilumina\u00e7\u00e3o de fundo e d\u00edgitos grandes, com medi\u00e7\u00e3o autom\u00e1tica em toda a faixa. O elemento sensor \u00e9 um Foto-Diodo de sil\u00edcio com filtro espectral, o que garante \u00f3tima linearidade e adequa\u00e7\u00e3o a resposta do olho humano.<\/p>\n<p>Acess\u00f3rios inclusos: maleta de transporte e bateria de 9V.<\/p>\n<p>Calibra\u00e7\u00e3o sob consulta.<\/p>\n<p>&nbsp;<\/p>\n<p><strong>INFORMA\u00c7\u00d5ES T\u00c9CNICAS<\/strong><\/p>\n<p>Faixa de medi\u00e7\u00e3o: 0 \u2013 200 kLux \/ 0 \u2013 20 kFc<\/p>\n<p>Exatid\u00e3o: +\/- 3% L.+\/-0,5% FE. (valores &lt; 10.000 Lux)+\/- 4% L. +\/-10 Dig. (valores &gt; 10.000 lux)<\/p>\n<p>Resposta Espectral: Curva de resposta do olho humano \u2013 padr\u00e3o CIE<\/p>\n<p>Exatid\u00e3o do espectro: conforme fun\u00e7\u00e3o CIE V(\u03bb) (f1&#8242; &lt; 6% e f2&#8242; &lt; 2%)<\/p>\n<p>Taxa de amostragem: 2 vezes por segundo<\/p>\n<p>Registro de medidas M\u00e1xima e M\u00ednima<\/p>\n<p>Dimens\u00f5es: 171 x 55 x 38 mm<\/p>\n","protected":false},"excerpt":{"rendered":"<p>Instrumento port\u00e1til com Visor LCD com ilumina\u00e7\u00e3o de fundo e d\u00edgitos grandes, com medi\u00e7\u00e3o autom\u00e1tica em toda a faixa. O elemento sensor \u00e9 um Foto-Diodo de sil\u00edcio com filtro espectral, o que garante \u00f3tima linearidade e adequa\u00e7\u00e3o a resposta do olho humano. Acess\u00f3rios inclusos: maleta de transporte e bateria de 9V. Calibra\u00e7\u00e3o sob consulta. &nbsp; [&hellip;]<\/p>\n","protected":false},"featured_media":9874,"comment_status":"open","ping_status":"closed","template":"","meta":[],"pwb-brand":[],"product_cat":[89,86,72],"product_tag":[],"yoast_head":"<!-- This site is optimized with the Yoast SEO Premium plugin v14.7 - https:\/\/yoast.com\/wordpress\/plugins\/seo\/ -->\n<title>LUX\u00cdMETRO DIGITAL TLUX100 INCOTERM (T-LUX-0010) - NTS Calibra\u00e7\u00e3o<\/title>\n<meta name=\"robots\" content=\"index, follow\" \/>\n<meta name=\"googlebot\" content=\"index, follow, max-snippet:-1, max-image-preview:large, max-video-preview:-1\" \/>\n<meta name=\"bingbot\" content=\"index, follow, max-snippet:-1, max-image-preview:large, max-video-preview:-1\" \/>\n<link rel=\"canonical\" href=\"https:\/\/ntscalibracao.com.br\/loja\/produto\/luximetro-digital-tlux100-incoterm-t-lux-0010\/\" \/>\n<meta property=\"og:locale\" content=\"pt_BR\" \/>\n<meta property=\"og:type\" content=\"article\" \/>\n<meta property=\"og:title\" content=\"LUX\u00cdMETRO DIGITAL TLUX100 INCOTERM (T-LUX-0010) - NTS Calibra\u00e7\u00e3o\" \/>\n<meta property=\"og:description\" content=\"Instrumento port\u00e1til com Visor LCD com ilumina\u00e7\u00e3o de fundo e d\u00edgitos grandes, com medi\u00e7\u00e3o autom\u00e1tica em toda a faixa. O elemento sensor \u00e9 um Foto-Diodo de sil\u00edcio com filtro espectral, o que garante \u00f3tima linearidade e adequa\u00e7\u00e3o a resposta do olho humano. Acess\u00f3rios inclusos: maleta de transporte e bateria de 9V. Calibra\u00e7\u00e3o sob consulta. &nbsp; [&hellip;]\" \/>\n<meta property=\"og:url\" content=\"https:\/\/ntscalibracao.com.br\/loja\/produto\/luximetro-digital-tlux100-incoterm-t-lux-0010\/\" \/>\n<meta property=\"og:site_name\" content=\"NTS Calibra\u00e7\u00e3o\" \/>\n<meta property=\"article:publisher\" content=\"https:\/\/www.facebook.com\/NTS-Calibra%c3%a7%c3%a3o-de-Balan%c3%a7as-e-Instrumentos-253519321396719\" \/>\n<meta property=\"article:modified_time\" content=\"2024-04-27T09:29:45+00:00\" \/>\n<meta property=\"og:image\" content=\"https:\/\/ntscalibracao.com.br\/loja\/wp-content\/uploads\/2021\/04\/Luximetro-Digital-T-LUX-0010.png\" \/>\n\t<meta property=\"og:image:width\" content=\"800\" \/>\n\t<meta property=\"og:image:height\" content=\"800\" \/>\n<meta name=\"twitter:card\" content=\"summary_large_image\" \/>\n<script type=\"application\/ld+json\" class=\"yoast-schema-graph\">{\"@context\":\"https:\/\/schema.org\",\"@graph\":[{\"@type\":\"Organization\",\"@id\":\"https:\/\/ntscalibracao.com.br\/loja\/#organization\",\"name\":\"NTS Calibra\\u00e7\\u00e3o de Balan\\u00e7as e Instrumentos\",\"url\":\"https:\/\/ntscalibracao.com.br\/loja\/\",\"sameAs\":[\"https:\/\/www.facebook.com\/NTS-Calibra\\u00e7\\u00e3o-de-Balan\\u00e7as-e-Instrumentos-253519321396719\"],\"logo\":{\"@type\":\"ImageObject\",\"@id\":\"https:\/\/ntscalibracao.com.br\/loja\/#logo\",\"inLanguage\":\"pt-BR\",\"url\":\"https:\/\/ntscalibracao.com.br\/loja\/wp-content\/uploads\/2021\/02\/cropped-logo-nts1.png\",\"width\":203,\"height\":60,\"caption\":\"NTS Calibra\\u00e7\\u00e3o de Balan\\u00e7as e Instrumentos\"},\"image\":{\"@id\":\"https:\/\/ntscalibracao.com.br\/loja\/#logo\"}},{\"@type\":\"WebSite\",\"@id\":\"https:\/\/ntscalibracao.com.br\/loja\/#website\",\"url\":\"https:\/\/ntscalibracao.com.br\/loja\/\",\"name\":\"NTS Calibra\\u00e7\\u00e3o - Loja de Balan\\u00e7as e Instrumentos de Medi\\u00e7\\u00e3o\",\"description\":\"Loja\",\"publisher\":{\"@id\":\"https:\/\/ntscalibracao.com.br\/loja\/#organization\"},\"potentialAction\":[{\"@type\":\"SearchAction\",\"target\":\"https:\/\/ntscalibracao.com.br\/loja\/?s={search_term_string}\",\"query-input\":\"required name=search_term_string\"}],\"inLanguage\":\"pt-BR\"},{\"@type\":\"ImageObject\",\"@id\":\"https:\/\/ntscalibracao.com.br\/loja\/produto\/luximetro-digital-tlux100-incoterm-t-lux-0010\/#primaryimage\",\"inLanguage\":\"pt-BR\",\"url\":\"https:\/\/ntscalibracao.com.br\/loja\/wp-content\/uploads\/2021\/04\/Luximetro-Digital-T-LUX-0010.png\",\"width\":800,\"height\":800},{\"@type\":\"WebPage\",\"@id\":\"https:\/\/ntscalibracao.com.br\/loja\/produto\/luximetro-digital-tlux100-incoterm-t-lux-0010\/#webpage\",\"url\":\"https:\/\/ntscalibracao.com.br\/loja\/produto\/luximetro-digital-tlux100-incoterm-t-lux-0010\/\",\"name\":\"LUX\\u00cdMETRO DIGITAL TLUX100 INCOTERM (T-LUX-0010) - NTS Calibra\\u00e7\\u00e3o\",\"isPartOf\":{\"@id\":\"https:\/\/ntscalibracao.com.br\/loja\/#website\"},\"primaryImageOfPage\":{\"@id\":\"https:\/\/ntscalibracao.com.br\/loja\/produto\/luximetro-digital-tlux100-incoterm-t-lux-0010\/#primaryimage\"},\"datePublished\":\"2021-04-26T13:08:14+00:00\",\"dateModified\":\"2024-04-27T09:29:45+00:00\",\"inLanguage\":\"pt-BR\",\"potentialAction\":[{\"@type\":\"ReadAction\",\"target\":[\"https:\/\/ntscalibracao.com.br\/loja\/produto\/luximetro-digital-tlux100-incoterm-t-lux-0010\/\"]}]}]}<\/script>\n<!-- \/ Yoast SEO Premium plugin. -->","brands":[],"_links":{"self":[{"href":"https:\/\/ntscalibracao.com.br\/loja\/wp-json\/wp\/v2\/product\/9873"}],"collection":[{"href":"https:\/\/ntscalibracao.com.br\/loja\/wp-json\/wp\/v2\/product"}],"about":[{"href":"https:\/\/ntscalibracao.com.br\/loja\/wp-json\/wp\/v2\/types\/product"}],"replies":[{"embeddable":true,"href":"https:\/\/ntscalibracao.com.br\/loja\/wp-json\/wp\/v2\/comments?post=9873"}],"wp:featuredmedia":[{"embeddable":true,"href":"https:\/\/ntscalibracao.com.br\/loja\/wp-json\/wp\/v2\/media\/9874"}],"wp:attachment":[{"href":"https:\/\/ntscalibracao.com.br\/loja\/wp-json\/wp\/v2\/media?parent=9873"}],"wp:term":[{"taxonomy":"pwb-brand","embeddable":true,"href":"https:\/\/ntscalibracao.com.br\/loja\/wp-json\/wp\/v2\/pwb-brand?post=9873"},{"taxonomy":"product_cat","embeddable":true,"href":"https:\/\/ntscalibracao.com.br\/loja\/wp-json\/wp\/v2\/product_cat?post=9873"},{"taxonomy":"product_tag","embeddable":true,"href":"https:\/\/ntscalibracao.com.br\/loja\/wp-json\/wp\/v2\/product_tag?post=9873"}],"curies":[{"name":"wp","href":"https:\/\/api.w.org\/{rel}","templated":true}]}}