{"id":9403,"date":"2021-03-12T22:41:57","date_gmt":"2021-03-13T01:41:57","guid":{"rendered":"https:\/\/ntscalibracao.com.br\/loja\/produto\/balanca-analitica-4-casas-220g-new-pioneer\/"},"modified":"2021-05-14T12:46:01","modified_gmt":"2021-05-14T15:46:01","slug":"balanca-analitica-4-casas-220g-new-pioneer","status":"publish","type":"product","link":"https:\/\/ntscalibracao.com.br\/loja\/produto\/balanca-analitica-4-casas-220g-new-pioneer\/","title":{"rendered":"Balan\u00e7a Anal\u00edtica 4 casas 220g New Pioneer"},"content":{"rendered":"<p>A linha New Pioneer PX \u00e9 um modelo de balan\u00e7a anal\u00edtica Ohaus que combina a funcionalidade de pesagem essencial com o desempenho competitivo, portanto, oferece alta precis\u00e3o e repetibilidade para aplica\u00e7\u00f5es em ambientes laboratoriais, industriais e educacionais. Acima de tudo, o PX tem um pre\u00e7o acess\u00edvel. Al\u00e9m disso, foi projetado intuitivamente para opera\u00e7\u00e3o inteligente com um segundo visor de linha para informa\u00e7\u00f5es adicionais e conectividade USB e RS232 para f\u00e1cil comunica\u00e7\u00e3o.<\/p>\n<p><strong>Informa\u00e7\u00f5es T\u00e9cnicas da Balan\u00e7a Anal\u00edtica 4 Casas:<\/strong><\/p>\n<p><strong>Capacidade m\u00e1xima:<\/strong>\u00a0220g<br \/>\n<strong>Resolu\u00e7\u00e3o:<\/strong>\u00a00,0001 g<br \/>\n<strong>Tamanho do prato:<\/strong>\u00a090 mm<br \/>\n<strong>Capela:<\/strong>\u00a0Sim<br \/>\n<strong>Comunica\u00e7\u00e3o:<\/strong>\u00a0RS232; USB<br \/>\n<strong>Dimens\u00f5es (A x C x L):<\/strong>\u00a0309 mm x 321 mm x 209 mm<br \/>\n<strong>Display:<\/strong>\u00a0LCD de 2 linhas com luz de fundo<br \/>\n<strong>Tampa durante o uso:<\/strong>\u00a0Sim<br \/>\n<strong>Peso M\u00ednimo (USP, 0,1%, t\u00edpico):<\/strong>\u00a0200 mg<br \/>\n<strong>Peso l\u00edquido:<\/strong>\u00a04,5 kg<br \/>\n<strong>Estrutura do prato:<\/strong>\u00a0A\u00e7o inoxid\u00e1vel<br \/>\n<strong>Alimenta\u00e7\u00e3o El\u00e9trica:<\/strong>\u00a0Adaptador CA (inclu\u00eddo)<br \/>\n<strong>Tempo de estabiliza\u00e7\u00e3o:<\/strong>\u00a03s<br \/>\n<strong>Faixa de Tara:<\/strong>\u00a0Para capacidade por subtra\u00e7\u00e3o<br \/>\n<strong>Unidades de medida:<\/strong>\u00a0miligrama;\u00a0 Grama;\u00a0 Quilate<br \/>\n<strong>Ambiente de trabalho:<\/strong>\u00a010\u00b0C a 30\u00b0C, 80%UR, sem condensa\u00e7\u00e3o; operacionalidade garantida entre 5\u00b0C e 40 \u00b0C<\/p>\n<p><strong>Calibra\u00e7\u00e3o Interna:<\/strong>\u00a0SIM (Modelo\u00a0<strong>PX224BR<\/strong>)<\/p>\n<p><strong>Calibra\u00e7\u00e3o Interna:<\/strong>\u00a0N\u00c3O (Modelo\u00a0<strong>PX224BR\/E<\/strong>)<\/p>\n<p><strong>OBS:<\/strong>\u00a0Calibra\u00e7\u00e3o interna (ou ajuste interno) \u00e9 um recurso tecnol\u00f3gico que as balan\u00e7as Ohaus possuem e que dispensam o uso de peso padr\u00e3o, mas n\u00e3o dispensam a Calibra\u00e7\u00e3o RBC (servi\u00e7o opcional)<\/p>\n","protected":false},"excerpt":{"rendered":"<p>A linha New Pioneer PX \u00e9 um modelo de balan\u00e7a anal\u00edtica Ohaus que combina a funcionalidade de pesagem essencial com o desempenho competitivo, portanto, oferece alta precis\u00e3o e repetibilidade para aplica\u00e7\u00f5es em ambientes laboratoriais, industriais e educacionais. Acima de tudo, o PX tem um pre\u00e7o acess\u00edvel. Al\u00e9m disso, foi projetado intuitivamente para opera\u00e7\u00e3o inteligente com um segundo visor de linha para informa\u00e7\u00f5es adicionais e conectividade USB e RS232 para f\u00e1cil comunica\u00e7\u00e3o.<\/p>\n","protected":false},"featured_media":9947,"comment_status":"open","ping_status":"closed","template":"","meta":[],"pwb-brand":[],"product_cat":[79,78,72],"product_tag":[],"yoast_head":"<!-- This site is optimized with the Yoast SEO Premium plugin v14.7 - https:\/\/yoast.com\/wordpress\/plugins\/seo\/ -->\n<title>Balan\u00e7a Anal\u00edtica 4 casas 220g New Pioneer - NTS Calibra\u00e7\u00e3o<\/title>\n<meta name=\"robots\" content=\"index, follow\" \/>\n<meta name=\"googlebot\" content=\"index, follow, max-snippet:-1, max-image-preview:large, max-video-preview:-1\" \/>\n<meta name=\"bingbot\" content=\"index, follow, max-snippet:-1, max-image-preview:large, max-video-preview:-1\" \/>\n<link rel=\"canonical\" href=\"https:\/\/ntscalibracao.com.br\/loja\/produto\/balanca-analitica-4-casas-220g-new-pioneer\/\" \/>\n<meta property=\"og:locale\" content=\"pt_BR\" \/>\n<meta property=\"og:type\" content=\"article\" \/>\n<meta property=\"og:title\" content=\"Balan\u00e7a Anal\u00edtica 4 casas 220g New Pioneer - NTS Calibra\u00e7\u00e3o\" \/>\n<meta property=\"og:description\" content=\"A linha New Pioneer PX \u00e9 um modelo de balan\u00e7a anal\u00edtica Ohaus que combina a funcionalidade de pesagem essencial com o desempenho competitivo, portanto, oferece alta precis\u00e3o e repetibilidade para aplica\u00e7\u00f5es em ambientes laboratoriais, industriais e educacionais. Acima de tudo, o PX tem um pre\u00e7o acess\u00edvel. Al\u00e9m disso, foi projetado intuitivamente para opera\u00e7\u00e3o inteligente com um segundo visor de linha para informa\u00e7\u00f5es adicionais e conectividade USB e RS232 para f\u00e1cil comunica\u00e7\u00e3o.\" \/>\n<meta property=\"og:url\" content=\"https:\/\/ntscalibracao.com.br\/loja\/produto\/balanca-analitica-4-casas-220g-new-pioneer\/\" \/>\n<meta property=\"og:site_name\" content=\"NTS Calibra\u00e7\u00e3o\" \/>\n<meta property=\"article:publisher\" content=\"https:\/\/www.facebook.com\/NTS-Calibra%c3%a7%c3%a3o-de-Balan%c3%a7as-e-Instrumentos-253519321396719\" \/>\n<meta property=\"article:modified_time\" content=\"2021-05-14T15:46:01+00:00\" \/>\n<meta property=\"og:image\" content=\"https:\/\/ntscalibracao.com.br\/loja\/wp-content\/uploads\/2021\/03\/balanca-analitica-quatro-casa-220gr-new-pioner-1.png\" \/>\n\t<meta property=\"og:image:width\" content=\"1000\" \/>\n\t<meta property=\"og:image:height\" content=\"1000\" \/>\n<meta name=\"twitter:card\" content=\"summary_large_image\" \/>\n<script type=\"application\/ld+json\" class=\"yoast-schema-graph\">{\"@context\":\"https:\/\/schema.org\",\"@graph\":[{\"@type\":\"Organization\",\"@id\":\"https:\/\/ntscalibracao.com.br\/loja\/#organization\",\"name\":\"NTS Calibra\\u00e7\\u00e3o de Balan\\u00e7as e Instrumentos\",\"url\":\"https:\/\/ntscalibracao.com.br\/loja\/\",\"sameAs\":[\"https:\/\/www.facebook.com\/NTS-Calibra\\u00e7\\u00e3o-de-Balan\\u00e7as-e-Instrumentos-253519321396719\"],\"logo\":{\"@type\":\"ImageObject\",\"@id\":\"https:\/\/ntscalibracao.com.br\/loja\/#logo\",\"inLanguage\":\"pt-BR\",\"url\":\"https:\/\/ntscalibracao.com.br\/loja\/wp-content\/uploads\/2021\/02\/cropped-logo-nts1.png\",\"width\":203,\"height\":60,\"caption\":\"NTS Calibra\\u00e7\\u00e3o de Balan\\u00e7as e Instrumentos\"},\"image\":{\"@id\":\"https:\/\/ntscalibracao.com.br\/loja\/#logo\"}},{\"@type\":\"WebSite\",\"@id\":\"https:\/\/ntscalibracao.com.br\/loja\/#website\",\"url\":\"https:\/\/ntscalibracao.com.br\/loja\/\",\"name\":\"NTS Calibra\\u00e7\\u00e3o - Loja de Balan\\u00e7as e Instrumentos de Medi\\u00e7\\u00e3o\",\"description\":\"Loja\",\"publisher\":{\"@id\":\"https:\/\/ntscalibracao.com.br\/loja\/#organization\"},\"potentialAction\":[{\"@type\":\"SearchAction\",\"target\":\"https:\/\/ntscalibracao.com.br\/loja\/?s={search_term_string}\",\"query-input\":\"required name=search_term_string\"}],\"inLanguage\":\"pt-BR\"},{\"@type\":\"ImageObject\",\"@id\":\"https:\/\/ntscalibracao.com.br\/loja\/produto\/balanca-analitica-4-casas-220g-new-pioneer\/#primaryimage\",\"inLanguage\":\"pt-BR\",\"url\":\"https:\/\/ntscalibracao.com.br\/loja\/wp-content\/uploads\/2021\/03\/balanca-analitica-quatro-casa-220gr-new-pioner-1.png\",\"width\":1000,\"height\":1000},{\"@type\":\"WebPage\",\"@id\":\"https:\/\/ntscalibracao.com.br\/loja\/produto\/balanca-analitica-4-casas-220g-new-pioneer\/#webpage\",\"url\":\"https:\/\/ntscalibracao.com.br\/loja\/produto\/balanca-analitica-4-casas-220g-new-pioneer\/\",\"name\":\"Balan\\u00e7a Anal\\u00edtica 4 casas 220g New Pioneer - NTS Calibra\\u00e7\\u00e3o\",\"isPartOf\":{\"@id\":\"https:\/\/ntscalibracao.com.br\/loja\/#website\"},\"primaryImageOfPage\":{\"@id\":\"https:\/\/ntscalibracao.com.br\/loja\/produto\/balanca-analitica-4-casas-220g-new-pioneer\/#primaryimage\"},\"datePublished\":\"2021-03-13T01:41:57+00:00\",\"dateModified\":\"2021-05-14T15:46:01+00:00\",\"inLanguage\":\"pt-BR\",\"potentialAction\":[{\"@type\":\"ReadAction\",\"target\":[\"https:\/\/ntscalibracao.com.br\/loja\/produto\/balanca-analitica-4-casas-220g-new-pioneer\/\"]}]}]}<\/script>\n<!-- \/ Yoast SEO Premium plugin. -->","brands":[],"_links":{"self":[{"href":"https:\/\/ntscalibracao.com.br\/loja\/wp-json\/wp\/v2\/product\/9403"}],"collection":[{"href":"https:\/\/ntscalibracao.com.br\/loja\/wp-json\/wp\/v2\/product"}],"about":[{"href":"https:\/\/ntscalibracao.com.br\/loja\/wp-json\/wp\/v2\/types\/product"}],"replies":[{"embeddable":true,"href":"https:\/\/ntscalibracao.com.br\/loja\/wp-json\/wp\/v2\/comments?post=9403"}],"wp:featuredmedia":[{"embeddable":true,"href":"https:\/\/ntscalibracao.com.br\/loja\/wp-json\/wp\/v2\/media\/9947"}],"wp:attachment":[{"href":"https:\/\/ntscalibracao.com.br\/loja\/wp-json\/wp\/v2\/media?parent=9403"}],"wp:term":[{"taxonomy":"pwb-brand","embeddable":true,"href":"https:\/\/ntscalibracao.com.br\/loja\/wp-json\/wp\/v2\/pwb-brand?post=9403"},{"taxonomy":"product_cat","embeddable":true,"href":"https:\/\/ntscalibracao.com.br\/loja\/wp-json\/wp\/v2\/product_cat?post=9403"},{"taxonomy":"product_tag","embeddable":true,"href":"https:\/\/ntscalibracao.com.br\/loja\/wp-json\/wp\/v2\/product_tag?post=9403"}],"curies":[{"name":"wp","href":"https:\/\/api.w.org\/{rel}","templated":true}]}}