{"id":10005,"date":"2021-05-13T12:12:52","date_gmt":"2021-05-13T15:12:52","guid":{"rendered":"https:\/\/ntscalibracao.com.br\/loja\/?post_type=product&#038;p=10005"},"modified":"2021-05-13T12:12:52","modified_gmt":"2021-05-13T15:12:52","slug":"termometro-p-ponto-de-fusao-10360","status":"publish","type":"product","link":"https:\/\/ntscalibracao.com.br\/loja\/produto\/termometro-p-ponto-de-fusao-10360\/","title":{"rendered":"TERMOMETRO P\/ PONTO DE FUS\u00c3O, -10+360"},"content":{"rendered":"<p>Term\u00f4metro de l\u00edquido em vidro, com enchimento de Hg. Este instrumento tem a finalidade de realizar medi\u00e7\u00f5es de temperatura de medi\u00e7\u00f5es em geral.<\/p>\n<p>&nbsp;<\/p>\n<p>S\u00e3o term\u00f4metros de uso geral que podem ser utilizados para realizar medi\u00e7\u00f5es de temperatura em laborat\u00f3rios e ind\u00fastrias. Term\u00f4metros de enchimento a l\u00edquido s\u00e3o recomendados para processos que possuem envolvimento com alimentos, proporcionando maior seguran\u00e7a e menor risco de contamina\u00e7\u00e3o em caso de quebra do instrumento.<\/p>\n<p>&nbsp;<\/p>\n<p>INFORMA\u00c7\u00d5ES T\u00c9CNICAS<\/p>\n<p>&#8211; Escala: externa \/ &#8211; 10\u00b0C a + 360\u00b0C;<\/p>\n<p>&#8211; Divis\u00e3o: 1\u00b0C;<\/p>\n<p>&#8211; Capilar: cobertura branca;<\/p>\n<p>&#8211; Escala gravada;<\/p>\n<p>&#8211; enchimento: Hg;<\/p>\n<p>&#8211; Material: vidro;<\/p>\n<p>&#8211; Di\u00e2metro: 6 mm;<\/p>\n<p>&#8211; Comprimento: 340 mm;<\/p>\n<p>&#8211; Imers\u00e3o: total;<\/p>\n<p>&#8211; Limite de erro:<\/p>\n<p>* at\u00e9 210\u00b0C \u00b11;<\/p>\n<p>* acima de 210\u00b0C \u00b12;<\/p>\n","protected":false},"excerpt":{"rendered":"<p>Term\u00f4metro de l\u00edquido em vidro, com enchimento de Hg. Este instrumento tem a finalidade de realizar medi\u00e7\u00f5es de temperatura de medi\u00e7\u00f5es em geral. &nbsp; S\u00e3o term\u00f4metros de uso geral que podem ser utilizados para realizar medi\u00e7\u00f5es de temperatura em laborat\u00f3rios e ind\u00fastrias. Term\u00f4metros de enchimento a l\u00edquido s\u00e3o recomendados para processos que possuem envolvimento com [&hellip;]<\/p>\n","protected":false},"featured_media":10008,"comment_status":"open","ping_status":"closed","template":"","meta":[],"pwb-brand":[],"product_cat":[75,72],"product_tag":[],"yoast_head":"<!-- This site is optimized with the Yoast SEO Premium plugin v14.7 - https:\/\/yoast.com\/wordpress\/plugins\/seo\/ -->\n<title>TERMOMETRO P\/ PONTO DE FUS\u00c3O, -10+360 - NTS Calibra\u00e7\u00e3o<\/title>\n<meta name=\"robots\" content=\"index, follow\" \/>\n<meta name=\"googlebot\" content=\"index, follow, max-snippet:-1, max-image-preview:large, max-video-preview:-1\" \/>\n<meta name=\"bingbot\" content=\"index, follow, max-snippet:-1, max-image-preview:large, max-video-preview:-1\" \/>\n<link rel=\"canonical\" href=\"https:\/\/ntscalibracao.com.br\/loja\/produto\/termometro-p-ponto-de-fusao-10360\/\" \/>\n<meta property=\"og:locale\" content=\"pt_BR\" \/>\n<meta property=\"og:type\" content=\"article\" \/>\n<meta property=\"og:title\" content=\"TERMOMETRO P\/ PONTO DE FUS\u00c3O, -10+360 - NTS Calibra\u00e7\u00e3o\" \/>\n<meta property=\"og:description\" content=\"Term\u00f4metro de l\u00edquido em vidro, com enchimento de Hg. Este instrumento tem a finalidade de realizar medi\u00e7\u00f5es de temperatura de medi\u00e7\u00f5es em geral. &nbsp; S\u00e3o term\u00f4metros de uso geral que podem ser utilizados para realizar medi\u00e7\u00f5es de temperatura em laborat\u00f3rios e ind\u00fastrias. Term\u00f4metros de enchimento a l\u00edquido s\u00e3o recomendados para processos que possuem envolvimento com [&hellip;]\" \/>\n<meta property=\"og:url\" content=\"https:\/\/ntscalibracao.com.br\/loja\/produto\/termometro-p-ponto-de-fusao-10360\/\" \/>\n<meta property=\"og:site_name\" content=\"NTS Calibra\u00e7\u00e3o\" \/>\n<meta property=\"article:publisher\" content=\"https:\/\/www.facebook.com\/NTS-Calibra%c3%a7%c3%a3o-de-Balan%c3%a7as-e-Instrumentos-253519321396719\" \/>\n<meta property=\"og:image\" content=\"https:\/\/ntscalibracao.com.br\/loja\/wp-content\/uploads\/2021\/05\/5037.jpg\" \/>\n\t<meta property=\"og:image:width\" content=\"112\" \/>\n\t<meta property=\"og:image:height\" content=\"450\" \/>\n<meta name=\"twitter:card\" content=\"summary_large_image\" \/>\n<script type=\"application\/ld+json\" class=\"yoast-schema-graph\">{\"@context\":\"https:\/\/schema.org\",\"@graph\":[{\"@type\":\"Organization\",\"@id\":\"https:\/\/ntscalibracao.com.br\/loja\/#organization\",\"name\":\"NTS Calibra\\u00e7\\u00e3o de Balan\\u00e7as e Instrumentos\",\"url\":\"https:\/\/ntscalibracao.com.br\/loja\/\",\"sameAs\":[\"https:\/\/www.facebook.com\/NTS-Calibra\\u00e7\\u00e3o-de-Balan\\u00e7as-e-Instrumentos-253519321396719\"],\"logo\":{\"@type\":\"ImageObject\",\"@id\":\"https:\/\/ntscalibracao.com.br\/loja\/#logo\",\"inLanguage\":\"pt-BR\",\"url\":\"https:\/\/ntscalibracao.com.br\/loja\/wp-content\/uploads\/2021\/02\/cropped-logo-nts1.png\",\"width\":203,\"height\":60,\"caption\":\"NTS Calibra\\u00e7\\u00e3o de Balan\\u00e7as e Instrumentos\"},\"image\":{\"@id\":\"https:\/\/ntscalibracao.com.br\/loja\/#logo\"}},{\"@type\":\"WebSite\",\"@id\":\"https:\/\/ntscalibracao.com.br\/loja\/#website\",\"url\":\"https:\/\/ntscalibracao.com.br\/loja\/\",\"name\":\"NTS Calibra\\u00e7\\u00e3o - Loja de Balan\\u00e7as e Instrumentos de Medi\\u00e7\\u00e3o\",\"description\":\"Loja\",\"publisher\":{\"@id\":\"https:\/\/ntscalibracao.com.br\/loja\/#organization\"},\"potentialAction\":[{\"@type\":\"SearchAction\",\"target\":\"https:\/\/ntscalibracao.com.br\/loja\/?s={search_term_string}\",\"query-input\":\"required name=search_term_string\"}],\"inLanguage\":\"pt-BR\"},{\"@type\":\"ImageObject\",\"@id\":\"https:\/\/ntscalibracao.com.br\/loja\/produto\/termometro-p-ponto-de-fusao-10360\/#primaryimage\",\"inLanguage\":\"pt-BR\",\"url\":\"https:\/\/ntscalibracao.com.br\/loja\/wp-content\/uploads\/2021\/05\/5037.jpg\",\"width\":112,\"height\":450},{\"@type\":\"WebPage\",\"@id\":\"https:\/\/ntscalibracao.com.br\/loja\/produto\/termometro-p-ponto-de-fusao-10360\/#webpage\",\"url\":\"https:\/\/ntscalibracao.com.br\/loja\/produto\/termometro-p-ponto-de-fusao-10360\/\",\"name\":\"TERMOMETRO P\/ PONTO DE FUS\\u00c3O, -10+360 - NTS Calibra\\u00e7\\u00e3o\",\"isPartOf\":{\"@id\":\"https:\/\/ntscalibracao.com.br\/loja\/#website\"},\"primaryImageOfPage\":{\"@id\":\"https:\/\/ntscalibracao.com.br\/loja\/produto\/termometro-p-ponto-de-fusao-10360\/#primaryimage\"},\"datePublished\":\"2021-05-13T15:12:52+00:00\",\"dateModified\":\"2021-05-13T15:12:52+00:00\",\"inLanguage\":\"pt-BR\",\"potentialAction\":[{\"@type\":\"ReadAction\",\"target\":[\"https:\/\/ntscalibracao.com.br\/loja\/produto\/termometro-p-ponto-de-fusao-10360\/\"]}]}]}<\/script>\n<!-- \/ Yoast SEO Premium plugin. -->","brands":[],"_links":{"self":[{"href":"https:\/\/ntscalibracao.com.br\/loja\/wp-json\/wp\/v2\/product\/10005"}],"collection":[{"href":"https:\/\/ntscalibracao.com.br\/loja\/wp-json\/wp\/v2\/product"}],"about":[{"href":"https:\/\/ntscalibracao.com.br\/loja\/wp-json\/wp\/v2\/types\/product"}],"replies":[{"embeddable":true,"href":"https:\/\/ntscalibracao.com.br\/loja\/wp-json\/wp\/v2\/comments?post=10005"}],"wp:featuredmedia":[{"embeddable":true,"href":"https:\/\/ntscalibracao.com.br\/loja\/wp-json\/wp\/v2\/media\/10008"}],"wp:attachment":[{"href":"https:\/\/ntscalibracao.com.br\/loja\/wp-json\/wp\/v2\/media?parent=10005"}],"wp:term":[{"taxonomy":"pwb-brand","embeddable":true,"href":"https:\/\/ntscalibracao.com.br\/loja\/wp-json\/wp\/v2\/pwb-brand?post=10005"},{"taxonomy":"product_cat","embeddable":true,"href":"https:\/\/ntscalibracao.com.br\/loja\/wp-json\/wp\/v2\/product_cat?post=10005"},{"taxonomy":"product_tag","embeddable":true,"href":"https:\/\/ntscalibracao.com.br\/loja\/wp-json\/wp\/v2\/product_tag?post=10005"}],"curies":[{"name":"wp","href":"https:\/\/api.w.org\/{rel}","templated":true}]}}